{"id":435,"date":"2020-06-05T20:51:23","date_gmt":"2020-06-05T18:51:23","guid":{"rendered":"http:\/\/immobilienverwaltung.ma-rk.de\/wordpress\/?page_id=435"},"modified":"2025-10-06T19:22:46","modified_gmt":"2025-10-06T17:22:46","slug":"immobilienverwaltung","status":"publish","type":"page","link":"https:\/\/ma-rk.com\/?page_id=435","title":{"rendered":"Immobilienverwaltung"},"content":{"rendered":"\t\t<div data-elementor-type=\"wp-page\" data-elementor-id=\"435\" class=\"elementor elementor-435\" data-elementor-post-type=\"page\">\n\t\t\t\t\t\t<section class=\"elementor-section elementor-top-section elementor-element elementor-element-7445ee6d elementor-section-content-middle elementor-section-full_width elementor-section-height-default elementor-section-height-default\" data-id=\"7445ee6d\" data-element_type=\"section\" data-e-type=\"section\" data-settings=\"{&quot;background_background&quot;:&quot;classic&quot;}\">\n\t\t\t\t\t\t<div class=\"elementor-container elementor-column-gap-wide\">\n\t\t\t\t\t<div class=\"elementor-column elementor-col-50 elementor-top-column elementor-element elementor-element-7439114d\" data-id=\"7439114d\" data-element_type=\"column\" data-e-type=\"column\">\n\t\t\t<div class=\"elementor-widget-wrap elementor-element-populated\">\n\t\t\t\t\t\t<div class=\"elementor-element elementor-element-398df521 elementor-widget elementor-widget-heading\" data-id=\"398df521\" data-element_type=\"widget\" data-e-type=\"widget\" data-widget_type=\"heading.default\">\n\t\t\t\t<div class=\"elementor-widget-container\">\n\t\t\t\t\t<h1 class=\"elementor-heading-title elementor-size-large\">ma-rk Immobilienverwaltung GmbH - Ihre Hausverwaltung<\/h1>\t\t\t\t<\/div>\n\t\t\t\t<\/div>\n\t\t\t\t<div class=\"elementor-element elementor-element-7a8ba093 elementor-widget elementor-widget-text-editor\" data-id=\"7a8ba093\" data-element_type=\"widget\" data-e-type=\"widget\" data-widget_type=\"text-editor.default\">\n\t\t\t\t<div class=\"elementor-widget-container\">\n\t\t\t\t\t\t\t\t\t<div class=\"elementor-element elementor-element-d1d2241 elementor-widget elementor-widget-heading\" data-id=\"d1d2241\" data-element_type=\"widget\" data-widget_type=\"heading.default\">\u00a0<\/div><div class=\"elementor-element elementor-element-0e7c805 elementor-widget elementor-widget-heading\" data-id=\"0e7c805\" data-element_type=\"widget\" data-widget_type=\"heading.default\"><div class=\"elementor-widget-container\"><h1 class=\"elementor-heading-title elementor-size-default\"><span style=\"font-size: 16px;\">KOMPETENZ AUF DEM IMMOBILIENMARKT<\/span><\/h1><\/div><\/div><div class=\"elementor-element elementor-element-5417e31 elementor-widget elementor-widget-text-editor\" data-id=\"5417e31\" data-element_type=\"widget\" data-widget_type=\"text-editor.default\"><div class=\"elementor-widget-container\"><div class=\"elementor-text-editor elementor-clearfix\"><div id=\"start\"><p>Die ma-rk Immobilienverwaltung GmbH ist seit \u00fcber 30 Jahren am Immobilienmarkt t\u00e4tig und wir sind heute ein Unternehmen mit umfangreichen spezifischen Facherfahrungen in der Verwaltung von Eigent\u00fcmergemeinschaften, Wohn- und Gesch\u00e4ftsh\u00e4usern in Berlin und den neuen Bundesl\u00e4ndern.<\/p><p>Die individuelle und umfassende Verwaltung, die auf die Belange der Eigent\u00fcmer und Mieter abgestimmt ist, steht im Mittelpunkt unserer T\u00e4tigkeit.<\/p><p>Wir realisieren f\u00fcr unsere Gesch\u00e4ftspartner objektbezogene Verwaltungsanforderungen entsprechend Ihren W\u00fcnschen. Im Rahmen unseres Facility Managements geht es uns um die Analyse und Optimierung aller kostenrelevanter Vorg\u00e4nge. Dies betrifft eine verbesserte Nutzungsflexibilit\u00e4t und Kapitalrentabilit\u00e4t. Bei der Umsetzung der ganzheitlichen Betreuung nutzen wir die GFAD, Flowfact und DATEV Software.<\/p><p>F\u00fcr eine optimierte Vermietung und den Verkauf von Wohn- und Gesch\u00e4ftsr\u00e4umen arbeiten wir langj\u00e4hrig mit den erfahrenen Maklern der ma-rk GmbH zusammen.<\/p><p>Sie gewinnen mit uns ein Unternehmen, das die Verantwortung f\u00fcr die Entwicklung Ihrer Immobilie wahrnimmt und durch sorgf\u00e4ltige Marktbeobachtung stets ein kompetenter Ansprechpartner ist.<\/p><\/div><\/div><\/div><\/div>\t\t\t\t\t\t\t\t<\/div>\n\t\t\t\t<\/div>\n\t\t\t\t<section class=\"elementor-section elementor-inner-section elementor-element elementor-element-4e0b6b18 elementor-section-content-middle elementor-section-boxed elementor-section-height-default elementor-section-height-default\" data-id=\"4e0b6b18\" data-element_type=\"section\" data-e-type=\"section\">\n\t\t\t\t\t\t<div class=\"elementor-container elementor-column-gap-no\">\n\t\t\t\t\t<div class=\"elementor-column elementor-col-100 elementor-inner-column elementor-element elementor-element-7f71ae81\" data-id=\"7f71ae81\" data-element_type=\"column\" data-e-type=\"column\">\n\t\t\t<div class=\"elementor-widget-wrap\">\n\t\t\t\t\t\t\t<\/div>\n\t\t<\/div>\n\t\t\t\t\t<\/div>\n\t\t<\/section>\n\t\t\t\t\t<\/div>\n\t\t<\/div>\n\t\t\t\t<div class=\"elementor-column elementor-col-50 elementor-top-column elementor-element elementor-element-54bf7c2\" data-id=\"54bf7c2\" data-element_type=\"column\" data-e-type=\"column\">\n\t\t\t<div class=\"elementor-widget-wrap elementor-element-populated\">\n\t\t\t\t\t\t<div class=\"elementor-element elementor-element-aecbc31 elementor-widget elementor-widget-image\" data-id=\"aecbc31\" data-element_type=\"widget\" data-e-type=\"widget\" data-widget_type=\"image.default\">\n\t\t\t\t<div class=\"elementor-widget-container\">\n\t\t\t\t\t\t\t\t\t\t\t\t\t\t\t<img fetchpriority=\"high\" decoding=\"async\" width=\"1024\" height=\"326\" src=\"https:\/\/ma-rk.com\/wp-content\/uploads\/2019\/07\/neve-architect-demo-20.jpg\" class=\"attachment-large size-large wp-image-151\" alt=\"\" \/>\t\t\t\t\t\t\t\t\t\t\t\t\t\t\t<\/div>\n\t\t\t\t<\/div>\n\t\t\t\t\t<\/div>\n\t\t<\/div>\n\t\t\t\t\t<\/div>\n\t\t<\/section>\n\t\t\t\t<\/div>\n\t\t","protected":false},"excerpt":{"rendered":"<p>ma-rk Immobilienverwaltung GmbH &#8211; Ihre Hausverwaltung \u00a0 KOMPETENZ AUF DEM IMMOBILIENMARKT Die ma-rk Immobilienverwaltung GmbH ist seit \u00fcber 30 Jahren am Immobilienmarkt t\u00e4tig und wir sind heute ein Unternehmen mit umfangreichen spezifischen Facherfahrungen in der Verwaltung von Eigent\u00fcmergemeinschaften, Wohn- und Gesch\u00e4ftsh\u00e4usern in Berlin und den neuen Bundesl\u00e4ndern. Die individuelle und umfassende Verwaltung, die auf die&hellip;&nbsp;<a href=\"https:\/\/ma-rk.com\/?page_id=435\" rel=\"bookmark\">Weiterlesen &raquo;<span class=\"screen-reader-text\">Immobilienverwaltung<\/span><\/a><\/p>\n","protected":false},"author":1,"featured_media":0,"parent":0,"menu_order":0,"comment_status":"closed","ping_status":"closed","template":"page-templates\/template-pagebuilder-full-width.php","meta":{"neve_meta_sidebar":"","neve_meta_container":"","neve_meta_enable_content_width":"off","neve_meta_content_width":0,"neve_meta_title_alignment":"","neve_meta_author_avatar":"","neve_post_elements_order":"","neve_meta_disable_header":"","neve_meta_disable_footer":"","neve_meta_disable_title":"","footnotes":""},"class_list":["post-435","page","type-page","status-publish","hentry"],"_links":{"self":[{"href":"https:\/\/ma-rk.com\/index.php?rest_route=\/wp\/v2\/pages\/435","targetHints":{"allow":["GET"]}}],"collection":[{"href":"https:\/\/ma-rk.com\/index.php?rest_route=\/wp\/v2\/pages"}],"about":[{"href":"https:\/\/ma-rk.com\/index.php?rest_route=\/wp\/v2\/types\/page"}],"author":[{"embeddable":true,"href":"https:\/\/ma-rk.com\/index.php?rest_route=\/wp\/v2\/users\/1"}],"replies":[{"embeddable":true,"href":"https:\/\/ma-rk.com\/index.php?rest_route=%2Fwp%2Fv2%2Fcomments&post=435"}],"version-history":[{"count":10,"href":"https:\/\/ma-rk.com\/index.php?rest_route=\/wp\/v2\/pages\/435\/revisions"}],"predecessor-version":[{"id":1233,"href":"https:\/\/ma-rk.com\/index.php?rest_route=\/wp\/v2\/pages\/435\/revisions\/1233"}],"wp:attachment":[{"href":"https:\/\/ma-rk.com\/index.php?rest_route=%2Fwp%2Fv2%2Fmedia&parent=435"}],"curies":[{"name":"wp","href":"https:\/\/api.w.org\/{rel}","templated":true}]}}